(6 + -5 - -4) + -3?
5
1 - 5 - (-10 + (-6 - -7))
5
-8 - (-26 - (10 - 19))
9
-1 - (-4 - (-4 - -4))
3
Evaluate (-1 + -2 - 2) + 8 + -6.
-3
Calculate 0 + (-7 - (1 - (6 + -2))).
-4
Evaluate -9 - (0 - 11) - (0 + -4).
6
Calculate 5 - (0 + -8 + 1 + 7).
5
Calculate (1 - 0) + 3 + 0.
4
0 + (-3 + -7 - -2 - -2)
-6
-4 + (-9 - (0 - 13))
0
1 - -3 - (-1 - (8 - 11))
2
What is 8 + -5 + 1 - (-1 + 5)?
0
What is 9 - 0 - (23 + -3 + -16)?
5
Calculate 0 - 0 - (-2 + 1 + 0).
1
-1 - 2 - (15 + -7 + -17)
6
12 + (3 + -16 - -10)
9
Evaluate -7 + 12 - (10 - -5).
-10
12 + -2 - 13 - 0
-3
What is the value of 1 - (-5 - -6) - (2 - 1)?
-1
7 + 4 + 1 + -8
4
What is the value of -2 - (-8 + (6 - 4))?
4
What is -2 + 6 + -2 - (1 - 3)?
4
What is -57 + 63 + -1 + 4?
9
-10 + 9 + 5 + -3
1
What is the value of 91 - 95 - (-1 - (0 - 1))?
-4
What is 1 + (5 + -3 - 0)?
3
Calculate (4 - 2 - 6) + 9.
5
What is 4 + -2 - (5 - (-1 + 2))?
-2
-1 - -10 - (23 + 20 + -35)
1
What is -32 - -38 - (11 - 1) - -9?
5
(-17 - (13 - 24)) + 1
-5
What is the value of 9 + (-1 - 7) - 10?
-9
Evaluate 3 + 3 + -6 + 3.
3
Calculate (-9 - -4) + 4 + 5 + -4.
0
Calculate -2 + 1 + -2 + 0 + 3.
0
Evaluate 12 + 0 - (-23 + 37).
-2
-2 + -2 + 1 + -2 - -1
-4
Evaluate 0 - 2 - (-6 - 6 - -6).
4
Evaluate -8 + -2 - (-3 - (-6 + 4)).
-9
What is the value of -5 - (2 - -5 - 4 - 3)?
-5
-6 - ((-3 - 3) + (2 - 8))
6
Calculate 0 - (4 - 0) - (4 - 10).
2
What is -13 - -8 - -9 - 11?
-7
What is 0 + 0 + 6 + -10?
-4
-1 - (-1 + -2 - (2 + -7))
-3
(10 - 7) + -7 - (0 + -1)
-3
6 + (-8 - -7) + -1
4
Calculate -1 + 4 + -4 - 0 - 0.
-1
What is 9 + 3 + (-7 - 4)?
1
(32 - 9 - 12) + -14
-3
Calculate -5 + 2 + (4 - -2) + -6.
-3
Calculate (1 - (3 - -1) - 2) + 4.
-1
Calculate (14 - 3 - 26) + 5.
-10
3 + -5 + -1 - 4
-7
Evaluate 5 - (3 + 2 + 1).
-1
Calculate -4 - -8 - 0 - 5.
-1
Calculate (0 - 4) + 8 - 0.
4
Calculate -6 - (-9 + -4 + 7).
0
Calculate 2 + -1 - (-1 + -2).
4
What is the value of -17 + 14 + (-2 - (-3 - -2))?
-4
What is 5 + (7 - 5) + -6?
1
Evaluate -3 + (0 - -1) - (26 - 32).
4
What is (5 - (-4 + 6)) + -1 + 0?
2
(8 - 6) + 2 + -5
-1
What is the value of -6 - (-4 - 5) - 4?
-1
Calculate 5 + -6 - -3 - (0 + 2).
0
Evaluate (-15 - -6) + 22 + -11.
2
Calculate (6 - 5) + -3 - -9.
7
(-4 + 1 - -6) + -12 + 10
1
What is 0 - (2 - (-7 + 8))?
-1
What is the value of -4 + -4 + 11 + 3 - 3?
3
(1 - 6) + 4 - -7 - 1
5
What is -1 + -1 + 3 - -1?
2
(0 - 8) + 2 - (-33 + 25)
2
Calculate -1 + -6 - 1 - -10.
2
Calculate 5 + (1 + -2 - (0 + 9)).
-5
Calculate 19 + (-7 - (-7 + 6)) - 9.
4
Evaluate (-3 - -3) + 4 + -3.
1
What is the value of 2 + -10 + 3 - -5?
0
What is the value of 9 - (1 + -6 + 12)?
2
Calculate -1 + 2 + 8 + -11.
-2
6 - 3 - (-1 + -1)
5
What is 0 + 5 + -12 + 2?
-5
What is the value of -1 + -2 + -28 + 34?
3
Calculate -1 + 16 - (100 + -91).
6
What is 4 + (5 + -2 + 1 - 5)?
3
What is -1 + (-39 - -45) + 0 + -6?
-1
What is the value of 1 - 1 - (19 - 24)?
5
Calculate (0 - (-2 + -4)) + -7.
-1
Evaluate -4 - (6 + -7 - 5).
2
Evaluate -5 + 5 + -1 + (2 - -1).
2
What is 30 + -26 + (5 - 1) - 5?
3
What is the value of 4 - (-6 + -2 + 13)?
-1
-4 - (-4 - -9) - -8
-1
2 - 0 - (3 + 3)
-4
Evaluate -17 + -8 + 9 + 11.
-5
What is -4 + (1 + 2 - (1 + 1))?
-3
16 + -10 + -1 + (0 - 0)
5
What is the value of (-5 - -2 - -6 - 3) + 4?
4
What is the value of -5 - (-17 + 2) - (10 - 6)?
6
Evaluate (-1 - 0) + -1 + 3 + 4.
5
-5 - -8 - (8 + 0)
-5
Calculate (0 - (0 + (5 - 10))) + 0.
5
What is the value of (2 - -3) + -2 + (-5 - -2)?
0
What is 5 + -1 - (-12 + 22)?
-6
19 + (-9 - -2) + -17
-5
5 - (7 - (-4 + -6 + 5))
-7
-7 + 5 + 10 + -8
0
Evaluate 6 + -11 + (-8 - -6) - -5.
-2
Evaluate 9 + -11 + 4 - 1.
1
(1 - 2 - -8) + 1 + 1
9
Calculate (9 - 3) + -3 - 2.
1
What is the value of (-2 - -6) + (3 - 1) - 2?
4
Evaluate 13 - (0 + -1 + 5 + 2).
7
-48 + 55 + 0 + -7
0
(7 - 6) + (-3 + 0 - -3)
1
Calculate 5 + -20 + 13 + -8.
-10
-22 - -4 - (5 + -10 + -2)
-11
What is the value of -1 - (12 + -8) - (-2 + -2)?
-1
Calculate -9 - (2 - (8 - 3)) - -1.
-5
What is 6 - 1 - (20 - 12)?
-3
(-4 - (-2 - -2)) + -1
-5
Calculate 1 + 1 - 6 - 0.
-4
41 + -43 - (0 + -3)
1
What is the value of (-10 - -8) + (5 - -1)?
4
Evaluate 1 - 7 - (3 - (5 - -1)).
-3
Calculate (19 - 20) + (-3 - -1).
-3
Calculate (14 - 22) + (6 - 1).
-3
What is 5 - (4 + (4 - 8 - -2))?
3
What is the value of -8 - (-2 + -8 + (6 - 3))?
-1
10 + 0 + -5 + -3 + 3
5
Evaluate 1 - -3 - (5 + -8 - -4).
3
Calculate 10 - 2 - (-1 - -5).
4
Calculate (-4 + 6 + 0 - 4) + 4.
2
What is -5 - (6 + 1 - 19)?
7
What is the value of 4 - (-13 + 5 + 8)?
4
What is (10 - (-4 - -7)) + -5?
2
What is 3 + -5 + -10 + 14?
2
(16 - 15) + 2 + 1
4
Calculate -6 + 3 - -8 - (-12 + 8).
9
(-1 - 4) + -11 + 17 + 5
6
What is the value of 1 + 2 + -1 - (7 - 3)?
-2
(12 - 11) + -5 + 0 + 5
1
What is the value of 16 - 11 - (1 - -2)?
2
What is -1 - (3 + (-2 + 3 - 1))?
-4
What is the value of (-2 - -8) + (-6 - (-19 + 9))?
10
-3 - (-7 + 6) - (-12 + 8)
2
Calculate -2 + (9 + -13 - (0 - 0)).
-6
Evaluate 3 + (14 - 3 - 7).
7
What is the value of 3 - (-1 + 0 + (4 - 3))?
3
What is the value of (-2 - 7) + -7 + 9?
-7
What is the value of -13 + (1 + -2 - -13)?
-1
12 - (2 + (1 - -3))
6
What is 11 + -5 + -2 + -1 - 6?
-3
(-10 - -1) + 81 + -76
-4
What is the value of (-10 - -1) + (9 - 1)?
-1
What is the value of (6 + 0 - 1) + -3?
2
What is the value of (0 - (1 - 8)) + -1?
6
Calculate 7 - (9 + 4 + 2).
-8
(-1 - -1 - -1) + (-5 - -5)
1
0 + (-1 - (-1 + (-6 - -4)))
2
Evaluate (-1 - (-5 - -7)) + (-5 - 1).
-9
Calculate (-9 - 2) + 5 + 4.
-2
Evaluate 4 + (-3 - 2 - (-16 - -13)).
2
Evaluate (0 - -7) + (2 - 6) + -3.
0
-29 - -29 - (6 - 0)
-6
Calculate -5 - (-8 - (5 - 0) - -6).
2
What is (0 - 1) + (1 - -1 - 2)?
-1
What is (-1 - 6) + 7 + (-1 - -6)?
5
-1 - (2 - (-3 + 10))
4
2 + (-2 + -5 - -4)
-1
Evaluate 1 - (-8 + 3) - 4.
2
(0 - (-4 + -2)) + -6
0
What is the value of -1 + -3 + 3 + -2 + 5?
2
Evaluate 4 + 1 - (-15 + 16).
4
Evaluate -6 + 3 + (12 - 11).
-2
Calculate -6 - (-8 - (-6 + 2) - -4).
-6
Evaluate -4 - (-1 + -3 - -2) - 2.
-4
1 + 2 + -4 + -2 + 8
5
Evaluate 5 + -4 + -2 + 1.
0
Evaluate 4 - (2 + (0 - -4)).
-2
What is (-52 - -40) + (4 - -1)?
-7
-3 + (10 - 5) + 2
4
Calculate -4 - (6 - 4 - 3).
-3
What is the value of (3 - (-2 + 1)) + -5?
-1
Calculate -7 + 8 + -4 + -2.
-5
What is 3 + (-3 - -4) - 2?
2
Evaluate -10 + (2 + 1 - (-82 + 84)).
-9
What is the value of 8 + (4 - (5 + (-7 - -9)))?
5
Calculate (10 - 3) + (-1 - 9).
-3
What is the value of (-26 - -20) + 0 + 4 + 0?
-2
3 + (-8 - -2 - 0)
-3
What is 3 - 9 - (5 - 17)?
6
What is 0 + -3 + (8 - (5 + -7))?
7
What is the value of 4 + 1 - (17 - 15)?
3
What is 6 - 8 - (1 + -1 - -2)?
-4
What is the value of 3 + 5 - (-6 - -9) - 7?
-2
2 - ((1 - -2) + (0 - 4))
3
Calculate (-41 - -33) + (5 - -5).
2
Calculate (-2 - 3) + 5 + -3.
-3
What is 7 + (-43 - -50 - (6 - 1))?
9
7 + -2 + 2 + -3
4
0 - (-1 + -6) - 2
5
Calculate 13 + (-18 - (-13 - -5)).
3
2 - 1 - (-63 - -71)
-7
What is the value of -3 + 1 + (-1 - (5 - 2))?
-6
(0 - (5 - 11)) + -12
-6
What is the value of (4 - 1) + -7 + 5 + -5?
-4
What is 7 + (-2 - -4) + -4?
5
What is -7 + 6 + (-4 - 0) - -6?
1
What is -2 + (-1 - (3 + -7 + -3))?
4
What is the value of -2 + 6 + -1 + 2?
5
(4 - 1) + 0 - (-2 + 5)
0
What is the value of 0 + (3 - (-3 - -7) - -5)?
4
Evaluate 4 + -5 - (-2 - (1 - 0)).
2
What is the value of -5 + (-10 - (-22 - -1))?
6
Calculate -4 - (-16 + 13 - (0 - 0)).
-1
What is the value of 5 + (-1 + -4 - 4)?
-4
Evaluate 3 - 1 - (-15 - -12).
5
Evaluate 4 + (1 - 3) + -4 + 4.
2
(0 - 2) + (11 + -5 - 1)
3
Evaluate -15 + 11 - (-1 + 1).
-4
What is the value of 2 - (-5 - (1 + -4))?
4
-3 + -1 - (-5 - -4)
-3
10 + (1 - 24) - -8
-5
0 + (2 - (-4 + 7 - -1))
-2
1 + 6 + 1 + -7 + 7
8
What is the value of (-9 - (-4 + -1)) + 0?
-4
What is the value of -1 - 5 - (55 + -57)?
-4
What is the value of 18 - (16 - (-3 + 8))?
7
Calculate (2 - 1) + -2 - (-3 + 5).
-3
What is the value of -4 + 3 - (-2 - 3)?
4
What is the value of (-4 + 4 - 3) + (0 - 1)?
-4
What is the value of -5 + 4 + 3 + (1 - 1)?
2
Calculate 7 + -6 + (6 - 7).
0
What is -7 - (2 + (-7 - -3))?
-5
Evaluate -5 + (3 - 4) + 2 + -1.
-5
Evaluate 6 + 1 + (-1 - -6) + -12.
0
Calculate (1 - (1 + 0)) + (-5 - -1).
-4
What is (1 - 2) + 0 + -6 + 12?
5
What is the value of -9 + 2 - (27 + -33)?
-1
What is -4 + (-1 - -5) - (-3 + 2)?
1
What is the value of 6 + (5 - 7) + 1?
5
(6 + -3 - 4) + -3
-4
Evalua